{"id":52,"date":"2024-04-26T09:09:41","date_gmt":"2024-04-26T09:09:41","guid":{"rendered":"https:\/\/talautoinversiones.com\/index.php\/gestion-de-cartera\/"},"modified":"2024-04-26T09:20:07","modified_gmt":"2024-04-26T09:20:07","slug":"gestion-de-cartera","status":"publish","type":"page","link":"https:\/\/talautoinversiones.com\/index.php\/gestion-de-cartera\/","title":{"rendered":"Gesti\u00f3n de Cartera"},"content":{"rendered":"","protected":false},"excerpt":{"rendered":"","protected":false},"author":1,"featured_media":0,"parent":0,"menu_order":0,"comment_status":"closed","ping_status":"closed","template":"full-width","meta":{"saved_in_kubio":true,"footnotes":""},"class_list":["post-52","page","type-page","status-publish","hentry"],"kubio_ai_page_context":{"short_desc":"En TALAUTO INVERSIONES, comprendemos que la gesti\u00f3n eficaz de tu cartera de inversiones es fundamental para alcanzar tus objetivos financieros. Nuestro servicio de Gesti\u00f3n de Cartera est\u00e1 dise\u00f1ado para brindarte tranquilidad y maximizar el rendimiento de tus inversiones, mientras nosotros nos ocupamos de los detalles.\nNuestro equipo de gesti\u00f3n de carteras emplea un enfoque estrat\u00e9gico y proactivo para administrar tus inversiones. Nos basamos en un profundo an\u00e1lisis del mercado, la evaluaci\u00f3n de riesgos y tu perfil de inversi\u00f3n para construir y mantener una cartera diversificada y equilibrada.","purpose":"services"},"_links":{"self":[{"href":"https:\/\/talautoinversiones.com\/index.php\/wp-json\/wp\/v2\/pages\/52","targetHints":{"allow":["GET"]}}],"collection":[{"href":"https:\/\/talautoinversiones.com\/index.php\/wp-json\/wp\/v2\/pages"}],"about":[{"href":"https:\/\/talautoinversiones.com\/index.php\/wp-json\/wp\/v2\/types\/page"}],"author":[{"embeddable":true,"href":"https:\/\/talautoinversiones.com\/index.php\/wp-json\/wp\/v2\/users\/1"}],"replies":[{"embeddable":true,"href":"https:\/\/talautoinversiones.com\/index.php\/wp-json\/wp\/v2\/comments?post=52"}],"version-history":[{"count":2,"href":"https:\/\/talautoinversiones.com\/index.php\/wp-json\/wp\/v2\/pages\/52\/revisions"}],"predecessor-version":[{"id":59,"href":"https:\/\/talautoinversiones.com\/index.php\/wp-json\/wp\/v2\/pages\/52\/revisions\/59"}],"wp:attachment":[{"href":"https:\/\/talautoinversiones.com\/index.php\/wp-json\/wp\/v2\/media?parent=52"}],"curies":[{"name":"wp","href":"https:\/\/api.w.org\/{rel}","templated":true}]}}